What is the units digit of b?
6
Suppose 6*p - 5*p = 238. What is the hundreds digit of p?
2
Suppose -4*m + 14 = 2*x, -3*x - 5*m = -10 - 12. Let i = 20 - x. What is the units digit of i?
1
Suppose 2 = -0*i - i, 3*i = -5*j + 14. What is the units digit of j?
4
Let b(h) = -h**3 - 2*h**2 + h - 4. Let p(i) = -i**2 + 3*i + 1. Let n be p(4). What is the units digit of b(n)?
2
Let o(i) = -i**3 + 9*i**2 - 8*i + 5. Let f be o(8). Suppose -f = -2*y - 3*y. What is the units digit of (y + 3)/(6/9)?
6
Let u(h) = 0*h**2 - h - h**2 + h**3 - 4*h + 0*h**2 + 3. What is the units digit of u(3)?
6
Suppose 6*w = 3*w. Let z = 4 + w. What is the units digit of z?
4
Let q(w) = w**3 - 6*w**2 + 6*w - 3. Let b be q(5). Suppose -b*l = -4 - 4. Suppose n + 2 = l. What is the units digit of n?
2
Let r be 4/(-3)*(-15)/10. Let g = r - 0. Suppose -g*s - 20 = -6*s. What is the units digit of s?
5
Suppose -270 = -7*t + 185. What is the tens digit of t?
6
Let g(x) = -7*x - 10*x**3 + 6*x + x**2 + 2*x. Let h(q) = q - 2. Let b be h(1). What is the tens digit of g(b)?
1
Let f(c) = -c - 5. Let a(n) = -n - 13. Let t be a(-6). Let i be f(t). Suppose 14 = i*k - 4. What is the units digit of k?
9
Let t(i) = -i + i - 3 - 2*i + 3*i. What is the units digit of t(5)?
2
What is the units digit of 18/5 + -4 + 2874/10?
7
Let n be 3/(-3) - 17/(-1). Let a = n - 29. Let i = 25 + a. What is the tens digit of i?
1
Let g(j) = -2*j + 0*j**2 + j**3 - 3*j + 2 - 4*j**2. Let p be 2/(-4)*2 + 6. What is the units digit of g(p)?
2
Suppose -v - 39 = 5. Let h be v/8 - (-1)/(-2). What is the units digit of -14*1/h*3?
7
What is the units digit of 5/2*219/30*4?
3
Suppose -13 = -3*u + 392. What is the units digit of u?
5
What is the hundreds digit of 4/30 - (-26872)/60?
4
Suppose 0 = -2*z - 2*z - 32. Let l = 2 + z. What is the tens digit of (-145)/(-10) + l/(-4)?
1
Suppose 2*k - 4*k = 2*b + 4, -k - 8 = 4*b. What is the tens digit of b/(-4)*2*11?
1
Let w be 16/((-3)/((-27)/(-6))). Let i = w + 35. What is the tens digit of i?
1
Let r = -60 + 87. What is the units digit of r?
7
Let y = 104 - 80. What is the tens digit of y?
2
Let n be -2 + 3/(-2)*-2. What is the units digit of (-4 - n)*(-2)/1?
0
What is the units digit of 10/9 - (-7)/(-63)?
1
Let p = 98 - 43. Let b = p - 34. What is the units digit of b?
1
Let h be -8*(9/(-12) - 1). Let x = h + -12. What is the units digit of x?
2
Suppose -4*y = -5*h + 137, -2*y + 7*y - 10 = -h. Suppose 4*c = -3*d + 23, -7*c = -3*c + 5*d - h. What is the units digit of c?
5
Suppose -5*u + 25 = -2*h + 4, -h + 22 = 4*u. What is the tens digit of (-4 - (h - 4)) + 29?
2
Let s(t) = t**2 - 2*t - 5. Suppose 0 = -0*i + i + 2*b, -3*i = 2*b - 8. Let r be s(i). Let p = 4 - r. What is the units digit of p?
1
Suppose 560 - 21 = 11*b. What is the tens digit of b?
4
Let z = 125 - 24. Suppose 4*b = -5*r + z, -2*b - b - 2*r + 67 = 0. What is the units digit of b?
9
Let n(z) be the third derivative of -z**5/60 - 7*z**4/24 + 5*z**3/3 - 10*z**2. What is the units digit of n(-8)?
2
Suppose 0*p - x = 3*p - 20, 3*p - 4*x = 40. Let s = 12 - p. Suppose 8 = 4*g + s*t, 0*t = 3*g - 4*t + 1. What is the units digit of g?
1
Let r be (-1 - 1)/(4/26). Let m(p) = -p**3 - 4*p**2 + 5*p + 2. Let z be m(-3). Let f = r - z. What is the units digit of f?
9
Let m(t) = 3*t**3 + 4*t**2 - 8*t - 2. Let c(n) = -2*n**3 - 4*n**2 + 7*n + 1. Let b(y) = 4*c(y) + 3*m(y). What is the tens digit of b(5)?
4
What is the units digit of (-7)/(-2)*(-12)/(-7)?
6
Suppose 0 = -0*j + 4*j - 8. Suppose 2*x = 4*l - 6, -j*l - x = 4*x + 27. What is the units digit of (14 - 0)*l/(-2)?
7
Let z(d) be the second derivative of d**4/4 + d**3 + 2*d**2 + d. Let a be z(-4). Suppose 4*n = 3*v - 7*v + a, -2*v = n - 16. What is the units digit of v?
9
Let h(c) be the second derivative of c**4/12 - 2*c**3/3 + 3*c**2/2 + 5*c. What is the units digit of h(5)?
8
Suppose -3*x + 39 = -27. Suppose p = 3*n + 17, -4*p - 6 = 4*n + x. What is the units digit of (-136)/(-14) - n/21?
0
Let t = 116 - 26. Let l = t - 57. Suppose 12 = 3*k - l. What is the tens digit of k?
1
Let o(u) = u + 8. Let h be o(-6). Suppose 3*n + h*v = 3, 2 = n + 2*v - 3. What is the units digit of (-1)/n + (0 - -1)?
2
Let s be 8/2 - (7 + -6). Suppose 0 = -3*y + 2*y - 4*p + 18, s*y - 45 = -3*p. What is the tens digit of y?
1
Let j(f) = 3*f + 18. Let m be j(-12). Let a = m - -32. What is the tens digit of a?
1
Let w = -166 + 281. What is the hundreds digit of w?
1
Let f(r) = -3 + 3*r + 8 - r**2 + 3*r. Let w be f(6). Suppose 5*q - w = -0*q. What is the units digit of q?
1
Let o = 4 + -3. Let l be (-2 - (0 - 1))*o. What is the units digit of (2 - -1) + l/1?
2
Let v = -6 + 20. Suppose q + 3*z = v, -2*q + 18 = 2*z - z. What is the units digit of q?
8
Suppose 0*y + 4*y = 12. Suppose d = 5*i - 48, i + y*i = 3*d + 45. What is the units digit of i?
9
Let u = -12 - -23. Suppose -10 - 58 = -4*c. Let a = c - u. What is the units digit of a?
6
Suppose 0 = 3*p - 6, -39 + 200 = 3*k - 5*p. What is the units digit of k?
7
Suppose -4*t + 261 = 3*f, 0*f + 87 = f + t. What is the units digit of f?
7
Suppose -o + 5*t = 2*t - 10, -4*o - 2*t = -40. Suppose s = -4*s + o, -2*f - 4*s = -18. What is the units digit of f?
5
Let d(a) = 64*a**2 + a - 1. What is the units digit of d(1)?
4
Suppose -52 + 9 = -5*z - v, -2*z = 4*v - 28. Let u = z - 7. Suppose 0 = -5*t + 6*t - u. What is the units digit of t?
1
What is the units digit of 53/1 + 8/2?
7
Suppose -2*r - 64 = -6*r. Let u = 18 - r. What is the units digit of u?
2
Suppose -d = -4*d + 6. What is the units digit of (-1)/(d/(-8)*2)?
2
Let o = 4 + -2. Let z be 2 + o*-2 + 0. What is the units digit of -2*(z + (-1)/(-2))?
3
Suppose -b = -2*b + 1. Let p be b/((-1)/(-1)) - 0. Suppose 0 = -5*h + p + 4. What is the units digit of h?
1
Suppose -4*i = -2*i - 60. What is the units digit of i?
0
Let c(m) = m**3 + 9*m**2 + 8*m - 3 + 10 + m. What is the units digit of c(-7)?
2
Suppose -4*x = -5*d + 10, -1 = 2*x - 2*d + 3. Suppose -88 = -4*s + 4*l, x*s - 3*l - 40 = -2*s. What is the units digit of s?
6
Let j(a) = 5*a - 4. What is the units digit of j(7)?
1
Suppose -x - 4*x - 83 = -j, -3*x = -4*j + 247. What is the units digit of j?
8
Let w be (-2)/(-2) + -2 + 1. What is the tens digit of (w + 2)/((-3)/(-21))?
1
Suppose -5*c = -5*q - 725, -q - 2 = -4. What is the units digit of c?
7
Let q(n) = 2*n**2 - 6*n - 14. What is the units digit of q(-5)?
6
Let n = 142 - 79. What is the units digit of n?
3
Let f(a) = a + 28. What is the units digit of f(0)?
8
Let x = -100 + 48. What is the tens digit of (x/16 - -4)*36?
2
Let f(b) = -b - 7. Let j be f(-11). Let o be j/(8/22) + -2. What is the units digit of 1/3 + 78/o?
9
Suppose 0*j + 2*w = j, -15 = -5*w. What is the units digit of j + -1 + -2 - 0?
3
Let x = -44 - -16. What is the tens digit of ((-144)/x)/((-1)/(-7))?
3
Let f(p) = p + 2. Suppose 6 = m - 0*m. Let x be f(m). Suppose 4*c - 5*g - x = 0, 4*c = -4*g + 2*g + 8. What is the units digit of c?
2
What is the tens digit of (-7)/(7/(-5)) - -12?
1
Suppose -50 = -2*j - y, 0 = -y - 1 - 3. What is the tens digit of j?
2
Let k = -27 + 17. Let d be (-2)/(-6) - k/6. Suppose -5*h + 0*h + p + 4 = 0, 4*p = 2*h + d. What is the units digit of h?
1
Let f = -5 + 7. Suppose f*g + 4 = -0. What is the units digit of -2 + 1 - 4/g?
1
Let c(k) = 3*k**2 - 18*k + 22. What is the units digit of c(10)?
2
Let d be (12/8)/((-2)/4). Let f = -1 - d. What is the units digit of f/(-5)*5*-1?
2
Suppose -m - 2*m - n = -46, 3*m - 26 = -5*n. Let r = m - -1. What is the tens digit of r?
1
Let d(c) = 5*c + 5. What is the tens digit of d(4)?
2
Let i(w) = 4*w**2 + 6*w + 3. Let y be i(-4). Suppose -b + 5*m - y = 0, 3*b + m - 59 = 6*b. Let n = 25 + b. What is the units digit of n?
7
What is the tens digit of (-3)/(-3)*38/2?
1
Let y(u) = -16*u + 1. Let i be y(-3). Suppose -i = 2*f - 129. What is the units digit of f?
0
Let j = -29 + 145. What is the units digit of j?
6
Let p be 7/(7/(-2)) - 6. What is the tens digit of (-309)/(-12) - 2/p?
2
What is the units digit of 2/7 + 267/21?
3
Let w(j) = -5*j + 1. Let u(y) = y**3 + 7*y**2 - 7*y + 10. Let x be u(-8). Suppose -x*n + 0 = 4. What is the units digit of w(n)?
1
What is the tens digit of 1/(-4) - 125/(-4)?
3
Suppose 3*u = -5*b + 25 + 22, 0 = 3*b + 3*u - 33. Suppose -2*g + 41 = b. Let w = g 